ed by v.
5
Let j(w) = 3*w**2 + 26*w - 7. Suppose 2*u = 3*a - 36, 0 = -4*u - 2*a - 0 - 40. What is the remainder when j(u) is divided by 19?
18
Let j = -31 - -38. Suppose 165 + 283 = j*f. Calculate the remainder when f is divided by 22.
20
Suppose 8*r - 149 - 787 = 0. What is the remainder when r is divided by 30?
27
Suppose 3*x + 3*s = 11 + 85, 0 = -4*s - 20. What is the remainder when 406 is divided by x?
36
Suppose 2*k + p = 17 + 25, 24 = k - p. Let c = 159 - 151. What is the remainder when k is divided by c?
6
Let g(n) = -8*n - 6. Calculate the remainder when 19 is divided by g(-2).
9
Let n(q) = -3*q + 76. Calculate the remainder when 32 is divided by n(23).
4
Let f = 475 + -438. What is the remainder when 848 is divided by f?
34
Let w = 768 - 550. Calculate the remainder when w is divided by 75.
68
Let q = 2342 - 2332. What is the remainder when 528 is divided by q?
8
What is the remainder when ((-42)/4)/((30/336)/(-5)) is divided by 19?
18
Let y = -1155 + 1200. What is the remainder when 213 is divided by y?
33
What is the remainder when 1/1 + 51 - 7 is divided by 27?
18
Suppose 6*o - 236 - 106 = 0. Calculate the remainder when 76 is divided by o.
19
Let w be 5 + -2 + 4 + -54. Let r = w - -123. Suppose -2*x = -3*x + 26. Calculate the remainder when r is divided by x.
24
Suppose 0 = n - 43 + 12. Let y(w) = w**2 - 2*w + 2. Let v be y(2). Suppose v*x - 2*b = 34, 5*x + 3*b = 3*x + 34. What is the remainder when n is divided by x?
14
Let t(k) = k**2 - 14*k - 12. Let w = 2 - 0. Suppose -2*j + 30 = 4*n - 38, -2*j = -w*n - 50. Calculate the remainder when t(19) is divided by j.
27
Suppose -2*v - 3*v = 2*w - 70, w + 3*v - 37 = 0. Suppose s = -w - 1. Let a = s - -51. What is the remainder when a is divided by 9?
7
Suppose -25*f + 30*f - 2*g = 2254, 4*f - 2*g - 1802 = 0. What is the remainder when f is divided by 13?
10
Let v = -71 - -215. Let o = v - 55. What is the remainder when o is divided by 10?
9
Suppose 5*m = 17 + 13. What is the remainder when 73 is divided by m?
1
Let j be 1 + (-33)/24 + 204/32. Suppose -80 = 2*c - j*c. Calculate the remainder when 61 is divided by c.
1
Suppose -11 = -3*h + r, -2*r - 2 - 5 = -h. Suppose 4*z - 9 = 7. Suppose 22 = 2*w - 4*k, -3*k = 3*w + z - 1. What is the remainder when h is divided by w?
0
Let w = 94 - 55. Let n = 77 - w. Suppose 3*f = 7*f - 5*c - n, 26 = 4*f + c. Calculate the remainder when 12 is divided by f.
5
Let t be (-1)/(-2 + 5/3). Suppose -t*k - 206 = -5*r, -5*r + 5*k = 24 - 234. Calculate the remainder when 119 is divided by r.
39
Calculate the remainder when 16 is divided by (-5)/10 + (-162)/(-12).
3
Suppose -2*i - 5*y = 1, -3*y + 2 = -i - 4. Let k = i - -22. Calculate the remainder when 34 is divided by k.
15
Let u = 282 + -232. What is the remainder when u is divided by 6?
2
Suppose -o + 17 = 5*l, 0*l = -4*o - 5*l + 38. What is the remainder when 26 is divided by o?
5
What is the remainder when (-6*(-3)/6)/(117/32682) is divided by 29?
26
Let k = -39 - -43. Let a = 8 - k. Suppose -a*n + 3*r + 20 = 0, 5*n - 1 = 3*r + 24. Calculate the remainder when n is divided by 3.
2
Let q(m) = m**2 - 15*m + 10. Let j be q(8). Let v = -19 - j. What is the remainder when (4/(-8))/(1/(-106)) is divided by v?
26
Let f(t) = t - 5. Let k(r) = 2*r - 9. Let d(s) = -11*f(s) + 6*k(s). Let n be d(3). Calculate the remainder when 71 is divided by 20/1 + n - 0.
23
Let s(l) = l**3 + 5*l**2 - l - 2. Let u be s(-5). Suppose -u*c - 9 = -24. Calculate the remainder when 14 is divided by c.
4
Let a = 696 - 682. Suppose 4*r = 4*f + 148, 3*r = -4*f + 59 + 66. What is the remainder when r is divided by a?
11
Suppose 0 = -3*h - 2*p + 44, -h + 5*p = -14 - 29. What is the remainder when 28 is divided by h?
10
Let s = -41 + 28. Let b = s + 31. Calculate the remainder when 52 is divided by b.
16
Suppose 18*b + 16 = 22*b. Suppose 7 = 3*r + b. What is the remainder when 1 is divided by r?
0
Suppose -4*a + h - 3*h + 136 = 0, 5*h + 185 = 5*a. Suppose 0 = 9*k - 118 - 1106. Calculate the remainder when k is divided by a.
31
Let n(z) = z**3 - 14*z**2 + 27*z - 45. What is the remainder when n(13) is divided by 24?
17
Let g(n) be the third derivative of 0 + 1/24*n**4 + n**2 + 1/10*n**5 + 0*n + 1/6*n**3 - 1/120*n**6. What is the remainder when g(6) is divided by 6?
1
Suppose -3*y - 2*y = -15, 4*x = -4*y + 524. Suppose 5*a - 160 = 2*d, 2*a + 2*a - 5*d = x. Let t = a - 15. What is the remainder when t is divided by 5?
2
Let r be (63 - -3) + 3 - 2. Let x = r + -34. Suppose -m + 3*m - 24 = 0. What is the remainder when x is divided by m?
9
Let m be 5/(-2) + (-15)/(-10). Calculate the remainder when ((-19)/(1 + -2)*-3)/m is divided by 30.
27
What is the remainder when 1*-9 + 285 + 23 is divided by 24?
11
Calculate the remainder when -6 + 6210/(-2 + 11) is divided by 98.
96
Suppose 2*n = 5*a + 26 + 88, 308 = 5*n - a. What is the remainder when 122 is divided by n?
60
Suppose 10 = 4*h - 7*h - 4*t, 3*t + 18 = 3*h. Suppose -h*u = -0*u - 22. Suppose -4*o + u = -5. What is the remainder when 10 is divided by o?
2
Suppose -q = 4*q - 520. Let n = q + -76. Suppose -13 = -2*s + 7. Calculate the remainder when n is divided by s.
8
Suppose -40*p + 37*p = -54. Calculate the remainder when p is divided by 4.
2
Let q(c) = 4*c - 3*c - c**3 + 75 - 80. Suppose -3*y = -5*y - 6. What is the remainder when 73 is divided by q(y)?
16
Let g = 22 - 13. Let t = 8288 + -8285. What is the remainder when g is divided by t?
0
Let u = 320 - 68. Calculate the remainder when u is divided by 17.
14
Suppose f = -4*i + 16, -3*f - 3 = -i + 1. Suppose i*w - 335 = -w. What is the remainder when w is divided by 14?
11
Let y = -23 + 37. Let u = 109 + y. Calculate the remainder when u is divided by 32.
27
Suppose 0 = 7*b - 718 - 3419. What is the remainder when b is divided by 195?
6
Suppose -12*w + 351 = -741. Let o = -1 + w. Calculate the remainder when o is divided by 23.
21
Let c(k) = k**3 - 2*k**2 + 2*k + 1. Let d = 86 + -40. What is the remainder when d is divided by c(3)?
14
What is the remainder when 56 is divided by (-24)/5*80/(-24)?
8
Let u(k) = -k**3 - 7*k**2 + k + 12. Let o be u(-7). Suppose 17 = -0*x + x - 2*n, 10 = -o*n. What is the remainder when 74 is divided by x?
9
Let h = -147 - -158. Calculate the remainder when 65 is divided by h.
10
Let f(c) = -c**2 - 4*c - 2. Let s be f(-4). Let u(h) = -2*h - 4. Let p be u(-6). What is the remainder when 14 + -11 - p/s is divided by 4?
3
Suppose 48*t - 20118 + 4614 = 0. What is the remainder when t is divided by 36?
35
Let v = -506 + 527. Suppose -2*h + w = 2*h - 585, -4*w - 4 = 0. What is the remainder when h is divided by v?
20
Suppose -6 = c - 4. Let x be (3/c)/(24/(-16)). Let m(o) = o + 1. What is the remainder when m(x) is divided by 1?
0
Suppose -3*y + 4*c = 11, 2*y - 5*y = -c - 4. Let u(j) = y*j**2 - 12*j + 12*j. Calculate the remainder when 22 is divided by u(-2).
10
Let v be (7*-2)/(-3 - -1). Let x = 13 - v. What is the remainder when 74 is divided by 3/9 - (-148)/x?
24
Suppose -4*p - 4*n + 184 = 0, 3*p + 16 - 179 = 2*n. Calculate the remainder when 711 is divided by p.
48
Suppose k = 4*k. Suppose 5*q = 4*x - 143, -q = -4*x - k*q + 131. Calculate the remainder when (-22)/77 - (3 + 688/(-7)) is divided by x.
31
Let k = 265 - 256. What is the remainder when 11 is divided by k?
2
Let g = 281 + -394. Let c = g - -131. Let x = -122 + 210. What is the remainder when x is divided by c?
16
What is the remainder when 57 is divided by -12*(-4 - (4 + -7))?
9
Let a be (-1)/(1/(438/4*-4)). Suppose 80 = 4*p - 4*g - 280, 2*g = 5*p - a. Calculate the remainder when p is divided by 30.
26
Let l(h) = -h**3 - 4*h**2 - 2*h + 2. Let j(o) = -21*o + 667. Calculate the remainder when j(31) is divided by l(-4).
6
Let z = -30 + 44. Suppose 5*w - 250 = -5*t, 3*t - 89 = 3*w + 73. Calculate the remainder when t is divided by z.
10
Suppose -284 = -q - 3*a, 2*q = 7*q + 3*a - 1408. Calculate the remainder when q is divided by 19.
15
Let i(s) = 3*s - 21. Let b be i(8). Suppose 3*r + 33 = b*h, -3*h - 2*r + 41 = 3*r. What is the remainder when 34 is divided by h?
10
Let k = 11 - 11. Suppose -6*o + 3*o = 0, m - 3*o - 3 = k. What is the remainder when 2 is divided by m + 1/((-1)/2)?
0
Calculate the remainder when (-1)/3 - 4722/(-36)*2 is divided by 33.
31
